 -64 = -2*n - 2*o. Suppose -5*j + 99 = 24. Let s = n - j. What is the tens digit of s?
1
Suppose 4*u - 757 - 419 = 0. What is the hundreds digit of u?
2
Suppose -2*b = -0*b - 8. Suppose 0 = -2*z - b*y + 18, 0*z - 3*y + 26 = 4*z. What is the units digit of z?
5
Suppose -3*q = -3*z + 11 + 1, -10 = -4*z + 2*q. Let j(f) = 1 - 16*f - z + 2 - 3. What is the tens digit of j(-1)?
1
Let u(m) = 42*m**3 - m**2 + 1. What is the tens digit of u(1)?
4
Suppose 3*k - 12 = -0*k. Let b = k + -4. Suppose b = -2*z + 4 + 6. What is the units digit of z?
5
Let x(h) = -4*h**3 + 0*h + 3*h**3 + 0*h**3 + 2*h - 2*h**2. What is the units digit of x(-3)?
3
What is the units digit of (-2)/(4 + 1122/(-279))?
3
Let y be 1 + -3 + (6 - 4). Suppose y = -4*u + 160 - 32. What is the tens digit of u?
3
Let v(k) = -k**3 + 3*k**2. Let c be v(3). Suppose 3*t + 2*b - 15 - 6 = c, 0 = t - b - 2. What is the units digit of t?
5
Let d = 13 + 4. Suppose 0 = -0*k + k - d. What is the units digit of k?
7
Let b be (0 - 4)/(-6 - -5). Suppose 0 = 3*g + 5*o - 31, -b*o + 2 = -g + 1. Let c = 10 - g. What is the units digit of c?
3
Let a be 3*(4/2 + 11). Suppose 5*k - 211 = a. Suppose k = 4*v + 6. What is the units digit of v?
1
Let d(q) = -q**3 - 9*q**2 - 11*q - 6. Let s be d(-8). Let n be 18*3*2/s. What is the units digit of (1 + -3)*(-3)/n?
1
Let p(g) = g**3 + 6*g**2 + 3*g - 6. Suppose -3*n = -7*n - 20. What is the units digit of p(n)?
4
Let q(g) be the second derivative of -g**5/20 + g**4/12 - g**3/6 + 15*g**2/2 - g. What is the units digit of q(0)?
5
Let m = -14 - -19. What is the units digit of m?
5
Let o(z) = 2*z - 8. Let c be o(6). Suppose -c*d - 18 = -7*d. What is the units digit of d?
6
Let p = 25 + 68. What is the units digit of p?
3
Let n(f) = -f**3 + 5*f**2 + 3*f - 7. Let b be n(5). Suppose b = -0*q + q. Suppose 30 = q*d - 3*d. What is the units digit of d?
6
Let q = 9 + -7. Suppose 0*j - 8 = -q*j, -5*j = 5*x - 65. What is the units digit of x?
9
Suppose 111 = a + 26. What is the units digit of a?
5
Let d = 2 + -2. What is the units digit of (-1 + d)*2 - -12?
0
What is the units digit of ((-6650)/19)/(-1 + (0 - 1))?
5
Suppose -2*y = -7*y + 35. Suppose -3*k + 13 = y. What is the units digit of k?
2
Suppose -5*p = -252 + 27. Suppose -4*u - 5*y = -16 - p, 98 = 5*u - y. What is the units digit of u?
9
Let b(x) = x**3 + 4*x**2 + 3*x + 2. Let r be 1 + -3 + 2 + -3. Let f be b(r). Let o(g) = 2*g**2 + g - 1. What is the units digit of o(f)?
9
Let m be 2/(3/12*2). Suppose -n = -m*n + 12. What is the units digit of n?
4
Suppose g + 24 = 4*g. Suppose 4*a = 2*z + 38, 3*z - g*z = 3*a - 61. Suppose 2*t - 2*u = 0, 4 = 4*u - a. What is the units digit of t?
4
Let g = -11 + 15. Let b = -3 + g. What is the units digit of b?
1
Suppose 6*v - 122 = 28. What is the tens digit of v?
2
Let m = 7 + -2. Suppose -4*c + 22 = m*y, c = -2*y + y + 6. What is the tens digit of (-8)/(2/c*-2)?
1
Let l = -23 + 26. What is the units digit of l?
3
Suppose 6*p + 5*i - 355 = p, 4*i = 5*p - 319. What is the units digit of p?
7
Let i(y) = -y**3 + 12*y**2 + 18*y - 19. What is the units digit of i(13)?
6
What is the units digit of (4 - 1)/(2/12)?
8
Let l = 18 + -6. What is the tens digit of l?
1
Let x(c) be the second derivative of c**4/3 - c**3/3 - c**2/2 + c. Suppose -3*t - t - 3 = 3*p, -5*p = -4*t + 5. What is the units digit of x(p)?
5
Suppose -14 = -n - 3*b, -72 = -4*n - 7*b + 3*b. What is the tens digit of n?
2
Suppose -3*a = 2*w - 14 + 5, -15 = -5*a - 5*w. Let s be 4/6*a/2. Suppose -3 = -4*r + s. What is the units digit of r?
1
Let k = 12 + -9. Suppose 0 = -7*f + k*f + 32. Suppose f = 2*n + 5*i, 0*n - n - 3*i = -3. What is the units digit of n?
9
Let s be ((-8)/(-12))/((-4)/(-18)). Suppose 2*j - 3*j + 11 = -s*p, -5*j + 17 = 4*p. Suppose -o - 2*y = -9, j*o + 4*y = 25 + 20. What is the units digit of o?
9
Let v(c) = c - 1. Let i be v(4). Suppose i*h + 0 = 3. What is the units digit of h?
1
Suppose -2 = -g, -3*g + 8*g = 3*x + 10. Let d be ((3 - 2)*x)/(-2). Suppose -3*f + j + 19 = -j, 5*f + j - 36 = d. What is the units digit of f?
7
Let f(o) = o**3 + 4*o**2 - 4*o - 1. Let k be f(-5). Let u be 2 + k + 1 - -15. Suppose 4*t - u = -28, -4*s = 3*t. What is the units digit of s?
3
Let n be (-10)/3*9/(-6). What is the units digit of 2/n + 99/15?
7
Let f be (-5)/2*(-8)/10. Suppose -f*w = -4*w. Suppose -x + 3*t = -2, 0 = -w*x - 5*x - 4*t + 10. What is the units digit of x?
2
Let l = -11 + 5. What is the units digit of (l/1 + -2)/(-1)?
8
Suppose 5*y = -0*j - j + 221, -5*j - 20 = 0. Suppose 0*f = 5*f - y. What is the units digit of f?
9
Let l(t) = -t**3 - t + 4. Let i be l(0). What is the tens digit of (-288)/(-21) - i/(-14)?
1
Let m = 110 - 120. Let k(o) = 2*o**3 - 7*o**2 - 4*o + 12. Let s(j) = 3*j**3 - 15*j**2 - 7*j + 23. Let n(y) = -5*k(y) + 3*s(y). What is the tens digit of n(m)?
1
Suppose 0 = 3*i - 42 - 84. Let a = i - 19. What is the units digit of a?
3
Let d be ((-9)/6)/((-6)/32). Let y = d + 1. What is the units digit of y?
9
What is the units digit of 33 + (2 - 2 - 2)?
1
Let v = -225 - -360. What is the tens digit of v?
3
Let v be 0/(2/2 + 1). Let n(z) = -z + 7. What is the units digit of n(v)?
7
Suppose -p + 29 = 2*i, 0 = -0*i - i - 5. What is the tens digit of p?
3
Suppose 5*n - 4*q = 157, -2*n - 2*q + 0*q + 52 = 0. Let b = 50 - 70. Let o = b + n. What is the units digit of o?
9
Let q(p) = 10*p - 1. Let k(c) = -11*c. Let h(y) = 4*k(y) + 5*q(y). Suppose 17 = 3*d + 5*t, -d = t - 0 - 5. What is the units digit of h(d)?
9
Suppose -5*b = -4*p + 286, -3*p = p + 3*b - 270. Let v = p - 42. Let a = v - 16. What is the tens digit of a?
1
Let l(m) = 2*m**2 + 18*m - 19. What is the units digit of l(-13)?
5
Suppose 18 = 6*p - 3*p. What is the units digit of p?
6
Let b(r) = -7*r**2 - 5*r + 6. Let k(w) = w**2 - 1. Let u(s) = -b(s) - 4*k(s). Let z be u(3). Let m = z + -24. What is the tens digit of m?
1
Let i(k) = -k**3 + 2*k**2 + 3*k + 4. Let p be i(3). Suppose -u + p = u - 3*l, -u - 5*l = -2. Suppose f - 2*f + u = 0. What is the units digit of f?
2
Let s(r) = r**3 - 11*r**2 - 12*r + 4. Let a be s(12). Suppose 5*h - 18 = a*h. What is the units digit of h?
8
Let f = 43 + 77. What is the units digit of f?
0
Suppose -65 = 3*h - 323. Suppose 4*d + v = 6*v - 91, 3*v = -5*d - h. What is the units digit of (-2)/(-8) - d/4?
5
What is the units digit of ((-5)/((-25)/(-760)))/(-2)?
6
Suppose -s - 4*b - 7 = 0, b - 1 = -5*s + 2. Let d = s - 1. What is the units digit of 10*(d + (-2)/(-4))?
5
Let y(o) = -o**3 + 9*o**2 - 4*o + 3. Let i(n) = 2*n**3 - 19*n**2 + 8*n - 5. Let s(v) = 3*i(v) + 7*y(v). What is the tens digit of s(4)?
2
Let u(b) = 12 + 4*b**2 - 9*b - 3*b**2 - 2*b. Suppose r = -5*d - 5, 3*d + 26 + 23 = 4*r. What is the units digit of u(r)?
2
Let k be (-4 + 0)/(2/(-19)). Suppose -4*m + k = -18. What is the units digit of m?
4
Let k = 2 + 1. Suppose 0 = -5*g + k*w - 2*w + 63, -2*w - 30 = -2*g. What is the tens digit of g?
1
What is the units digit of (-3 - -6)*-1 - -64?
1
What is the tens digit of (61/2)/(3/6)?
6
Let x(w) = w - 4. Let r be x(4). Let o be (12 - (r - -2))/2. What is the units digit of o*(0 - (-16)/10)?
8
Let v(r) = r - 5. Let f be v(7). Suppose -f*z - 3 = 1. What is the units digit of z + 2 + (-20)/(-2)?
0
Suppose -48 = 2*h + 78. Suppose 5*x = -4*q - 0 + 18, 3*x = -q + 8. What is the units digit of (-931)/h + x/9?
5
Suppose 1 = u - 2. Suppose d + 6 = -o + 11, u = -d - 5*o. Suppose 5*k = d + 38. What is the units digit of k?
9
Suppose -113 = -3*x - 4*b, -52 = -x - 3*b - 6. What is the tens digit of x?
3
Let k = 473 - 287. What is the tens digit of k?
8
Let v(r) = -r - 1. Let i(c) = -2*c - 2. Let y(g) = -i(g) + v(g). What is the units digit of y(6)?
7
Let p(j) = -j**3 - 8*j**2 + j + 10. Let o be 4/12 + 100/(-12). What is the units digit of p(o)?
2
Suppose 11*q - 21*q + 3320 = 0. What is the hundreds digit of q?
3
Let a be (-5 + -8)*(1 + 0). Let m = -7 - a. What is the units digit of m?
6
Let k be (-8)/12 - (-11)/3. What is the units digit of (-3)/k - 2 - -4?
1
Suppose 0*x = 5*x - 160. What is the tens digit of x?
3
Suppose 5*w - 246 = 4*w. What is the tens digit of w?
4
Let g(u) = -u**3 - 3*u**2 + 3*u - 4. Let m be g(-4). Let p = m - -14. What is the units digit of p?
4
Let l = 45 + -26. Let o = -10 + l. What is the units digit o